(s) = s**2 - 18*s + 40. What is j(4)?
-16
Let j(f) = 1424*f - 1422. What is j(1)?
2
Let g(b) = -2*b**2 + 90*b - 755. Give g(35).
-55
Let q(v) = -8*v**2 + 40*v + 49. Calculate q(6).
1
Let t(r) = 7*r + 503. Determine t(-59).
90
Let d(m) = -m**2 - 301*m + 4988. Determine d(16).
-84
Let g(h) = h**2 - 25*h + 40. Calculate g(12).
-116
Let z(b) = -3*b**3 + 134*b**2 - 594*b - 1. Determine z(5).
4
Let b(c) = -c**3 - 34*c**2 - 37*c - 78. What is b(-33)?
54
Let y(t) = t**3 - 35*t + 100. Determine y(4).
24
Let t(b) = -b**2 + 247*b + 5055. Give t(266).
1
Let m(g) = 7*g**2 - 508*g - 17940. What is m(-26)?
0
Let g(t) = -314*t + 6902. Give g(22).
-6
Let h(z) = -10*z**2 - 338*z - 75. Give h(-32).
501
Let x(i) = 15*i - 217. Determine x(11).
-52
Let x(h) = 3699*h + 9. Give x(0).
9
Let v(x) = 2*x**3 + 6*x**2 + 11*x + 27. What is v(-3)?
-6
Let g(x) = x - 360. Calculate g(-18).
-378
Let q(z) = z**2 + 23*z + 100. Calculate q(-5).
10
Let t(z) = 45*z**2 - 274*z + 1. What is t(6)?
-23
Let w(x) = -x**2 - 69*x - 34. What is w(-69)?
-34
Let w(b) = -b**3 + 10*b**2 + 21*b - 17. Calculate w(13).
-251
Let a(g) = -g**2 - 4*g + 377. Determine a(-22).
-19
Let v(s) = -s**3 - 96*s**2 - 83*s + 1121. Calculate v(-95).
-19
Let a(h) = -4*h**3 - 123*h**2 + 25*h - 21. Give a(-31).
165
Let h(w) = -w**3 - 2*w**2 + w - 103. Determine h(0).
-103
Let h(o) = -16*o + 76. Calculate h(33).
-452
Let u(x) = 2*x**3 - 9*x**2 - 94*x + 504. Calculate u(10).
664
Let s(c) = -c**2 + 153*c - 2066. What is s(135)?
364
Let y(a) = -a**2 - 14383*a - 14383. What is y(-1)?
-1
Let f(o) = -o**3 - 30*o**2 - 75*o - 583. Calculate f(-28).
-51
Let b(x) = -x**2 + 1511*x + 32168. What is b(-21)?
-4
Let k(o) = -o**2 + 18*o - 75. Give k(12).
-3
Let f(u) = -1681*u - 1688. What is f(-1)?
-7
Let z(w) = 53*w - 1227. What is z(9)?
-750
Let j(c) = -c**3 - 16*c**2 - 57*c - 16. Determine j(-5).
-6
Let s(a) = -36*a + 3123. Determine s(87).
-9
Let h(b) = b**3 - b**2 - 4*b - 58. Determine h(5).
22
Let i(z) = -z**3 - 11*z**2 + 9*z + 18. Determine i(-9).
-225
Let z(s) = -s**3 - 33*s**2 + 36*s + 77. What is z(-34)?
9
Let q(a) = a**3 - 149*a**2 + 295*a - 227. Give q(147).
-80
Let i(b) = -b**3 - 23*b**2 + 127*b - 20. Give i(-28).
344
Let h(u) = -40*u - 2248. Give h(-57).
32
Let u(k) = -k**2 + 86*k - 1572. What is u(27)?
21
Let q(r) = r + 93. Give q(3).
96
Let d(o) = -69*o**2 + 112*o + 112. Give d(-1).
-69
Let f(i) = -4366*i + 69852. Determine f(16).
-4
Let d(u) = 2*u**3 - 4*u**2 + 5*u - 4. What is d(-4)?
-216
Let d(s) = s**2 + 41*s + 338. Determine d(-16).
-62
Let o(v) = 3*v**3 - 2*v**2 - 97*v + 183. Determine o(2).
5
Let s(x) = -x**3 + 71*x**2 - 141*x + 201. Determine s(69).
-6
Let b(x) = -29*x + 1238. Determine b(73).
-879
Let v(h) = -3*h**3 + 27*h**2 - 2*h + 19. Determine v(9).
1
Let g(m) = m**2 + 59*m + 898. What is g(-34)?
48
Let j(a) = -a**2 - 50*a - 577. What is j(-21)?
32
Let x(v) = 2*v**2 + 22*v - 13. Give x(-16).
147
Let k(t) = -113*t**3 - 2*t**2 - 15*t + 19. Calculate k(2).
-923
Let n(p) = -2*p**3 - 50*p**2 - 95*p - 125. Determine n(-23).
-56
Let w(n) = -5*n**2 + 131*n + 674. Calculate w(-5).
-106
Let k(l) = -209*l + 779. Determine k(3).
152
Let n(t) = -67*t**2 + 404*t - 6. Calculate n(6).
6
Let h(l) = -3*l**3 + 11*l**2 + 89*l + 83. Give h(-3).
-4
Let z(q) = -28*q - 31. Determine z(1).
-59
Let l(c) = 9*c - 476. Calculate l(49).
-35
Let b(k) = 387*k - 65. Give b(-3).
-1226
Let u(b) = -2*b**3 - b**2 + 480. What is u(0)?
480
Let l(w) = -2*w**2 + 49*w + 12586. Determine l(-68).
6
Let q(u) = -2*u**2 + 58*u - 253. Give q(19).
127
Let d(z) = -50*z + 2470. What is d(47)?
120
Let s(j) = -j**3 - 65*j**2 + 137*j + 199. Give s(-67).
-2
Let u(m) = 247*m + 4431. Give u(-18).
-15
Let f(j) = -4*j**3 + 3*j**2 - 26*j + 58. Calculate f(2).
-14
Let p(o) = 742*o - 2223. Calculate p(3).
3
Let p(q) = -4*q**2 + 212*q - 2265. Calculate p(38).
15
Let w(p) = 34*p**3 + 23*p**2 + 5*p + 4. Give w(-1).
-12
Let i(w) = 2195*w - 4395. Determine i(2).
-5
Let r(g) = -4044*g + 12131. Determine r(3).
-1
Let g(b) = 10*b - 324. Give g(29).
-34
Let c(j) = -2*j**3 - 407*j**2 - 601*j + 988. Calculate c(-202).
-22
Let j(y) = -7*y**2 + 71*y + 34. Calculate j(10).
44
Let i(h) = -h**2 + 1602*h - 9569. Give i(6).
7
Let t(m) = 979*m - 2864. Calculate t(3).
73
Let z(u) = -66*u**2 - 43*u + 26. Give z(-1).
3
Let y(j) = 9787*j + 48930. What is y(-5)?
-5
Let a(l) = 2*l**2 - 501*l + 1982. What is a(4)?
10
Let o(f) = -6*f**2 - 20*f + 220. Calculate o(-8).
-4
Let p(h) = -h**3 + 6*h**2 + 25*h - 202. Determine p(8).
-130
Let v(b) = -164*b + 1425. Determine v(8).
113
Let h(k) = -k**2 - 126*k + 1799. What is h(13)?
-8
Let b(j) = 78*j + 179. Give b(-3).
-55
Let l(o) = -2484*o + 9910. What is l(4)?
-26
Let p(g) = -15*g - 7. Determine p(-1).
8
Let z(b) = -160*b + 2664. Determine z(16).
104
Let a(o) = 10*o - 199. What is a(25)?
51
Let t(b) = -2470*b - 86470. Determine t(-35).
-20
Let r(k) = -2*k**3 - 20*k**2 - 16*k - 44. Determine r(-6).
-236
Let k(b) = 514*b - 18439. Determine k(36).
65
Let k(c) = c**3 - 55*c**2 - 120*c + 81. Determine k(57).
-261
Let s(v) = -857*v + 17210. What is s(20)?
70
Let p(b) = -b**3 + 21*b**2 - 57*b + 2. Give p(18).
-52
Let i(o) = -o**3 - 8*o**2 + 7*o + 86. Give i(-7).
-12
Let f(q) = -3*q**2 - 99*q - 485. Determine f(-27).
1
Let u(g) = 4*g**2 - 16*g - 20. Calculate u(5).
0
Let q(g) = 58*g - 4629. Calculate q(76).
-221
Let j(y) = -62*y - 8. Calculate j(-5).
302
Let c(n) = -135*n + 1753. What is c(13)?
-2
Let z(h) = -79*h - 643. Calculate z(-8).
-11
Let v(n) = -22*n**2 + 88*n + 189. Give v(-2).
-75
Let m(n) = -28*n + 210. Give m(-23).
854
Let d(w) = -5*w**3 - 1019*w**2 + 218*w + 2886. Calculate d(-204).
30
Let x(t) = -34*t**2 + 111*t - 13. Calculate x(3).
14
Let s(x) = -2*x**2 - 67*x - 91. Determine s(-38).
-433
Let i(f) = 34*f - 1419. Give i(49).
247
Let c(a) = a**2 - 26*a + 67. What is c(3)?
-2
Let n(j) = 3*j**2 + 4*j + 6. Give n(-4).
38
Let m(s) = -135*s + 1699. What is m(11)?
214
Let g(l) = l**2 - 177*l. Determine g(0).
0
Let u(x) = -4*x**2 + 170*x - 98. Calculate u(42).
-14
Let z(y) = 2*y**3 + 24*y**2 - 18*y - 1. What is z(1)?
7
Let s(z) = -2*z**3 - 5*z**2 - 57*z - 263. Determine s(-6).
331
Let m(f) = -5*f + 24. What is m(-15)?
99
Let z(r) = r**2 + 177*r - 2480. Calculate z(13).
-10
Let r(z) = -z**3 + 73*z**2 - 395*z - 485. Determine r(67).
-16
Let m(o) = -151*o - 931. Determine m(-7).
126
Let m(g) = -7*g**2 + 13*g + 116. Give m(5).
6
Let z(p) = -148*p - 5325. What is z(-36)?
3
Let n(z) = z**2 + 102*z - 115. Determine n(-102).
-115
Let g(t) = -9*t**2 + 111*t - 17. Calculate g(12).
19
Let o(n) = -3*n**3 - 10*n**2 + 5*n - 4. Determine o(-4).
8
Let d(x) = -x**3 + 138*x**2 - 3737*x - 26. Determine d(37).
-26
Let z(f) = -3*f**2 - 803*f - 27316. What is z(-40)?
4
Let v(m) = -19*m**2 + 41*m + 110. What is v(4)?
-30
Let w(s) = -238*s + 903. Determine w(6).
-525
Let r(c) = 13*c - 73. Calculate r(4).
-21
Let w(h) = h**3 + 21*h**2 + 19*h - 72. Determine w(-22).
-974
Let f(u) = 150*u + 2182. Determine f(-17).
-368
Let r(j) = -3*j**2 + 2*j + 9. Give r(4).
-31
Let w(i) = 83*i**2 + 62*i + 36. What is w(-1)?
57
Let a(t) = 16*t - 310. What is a(26)?
106
Let i(l) = -l**3 + 39*l**2 + 81*l + 82. Determine i(41).
41
Let c(a) = a**3 + 4*a**2 - 19*a + 9. Give c(-7).
-5
Let c(t) = 36*t - 60. Calculate c(-13).
-528
Let i(u) = 4*u**2 + 24*u - 69. Determine i(3).
39
Let l(u) = -3*u + 100. Determine l(14).
58
Let p(n) = -n**2 - 37*n - 424. Determine p(-25).
-124
Let y(u) = -u**3 + 14*u**2 + 47*u + 28. Give y(17).
-40
Let t(f) = 358*f + 1734. Calculate t(-5).
-56
Let k(r) = 376*r**2 + 2260*r + 14. What is k(-6)?
-10
Let m(c) = -3*c**2 + 12*c - 19. Determine m(-5).
-154
Let i(c) = -3*c**3 + 75*c**2 + 8. Give i(0).
8
Let k(f) = -3*f**3 + 34*f - 128. What is k(4)?
-184
Let v(o) = 264*o + 6586. Calculate v(-25).
-14
Let q(y) = 87*y - 264. What is q(3)?
-3
Let d(n) = -n**2 + 13*n + 180. Give d(22).
-18
Let b(a) = 19*a**2 + 15*a - 53. Give b(-3).
73
Let l(r) = -8533*r + 8. Determine l(0).
8
Let g(s) = -13*s**3 + 122*s**2 + 21*s + 7. What is g(10)?
-583
Let k(i) = i**3 + i**2 - 2*i - 2. Determine k(0).
-2
Let a(g) = -13*g + 85. Calculate a(6).
7
Let s(r) = -129*r + 10450. Give s(81).
1
Let n(z) = z**2 + 117*z + 3159. Calculate n(-42).
9
Let j(a) = a**3 - 61*a**2 + 625*a - 55. Give j(48).
-7